{"id":459,"date":"2014-07-09T07:36:36","date_gmt":"2014-07-09T07:36:36","guid":{"rendered":"http:\/\/tmp.bluefjords.com\/?page_id=459"},"modified":"2023-10-16T07:10:30","modified_gmt":"2023-10-16T07:10:30","slug":"om","status":"publish","type":"page","link":"https:\/\/www.bluefjords.com\/?page_id=459","title":{"rendered":"Om oss"},"content":{"rendered":"<p><span lang=\"EN-US\" style=\"margin: 0px; color: #333333; line-height: 107%; font-family: 'Georgia',serif; font-size: 12pt;\">BlueFjords har satt i drift sitt f\u00f8rste datasenter p\u00e5 650 kvm. Dette kan ved behov\u00a0skalerast og byggast ut inntil 5000 kvm. <\/span>Framf\u00f8ring og tilgang p\u00e5 straum er pr. i dag 15 MW, men med n\u00e6rliggande kraftstasjon i ryggen kan dette aukast opp ved behov. Det er netto eksport av straum fr\u00e5 kommunen. Senteret stod ferdig\u00a0i mars 2015 og er ein betydeleg\u00a0satsing i datasentermarkedet for lokale, regionale, nasjonale og internasjonale kundar.<\/p>\n<p>BlueFjords AS har\u00a0bygd\u00a0sitt datasenter \u00abpasseleg\u00bb stort og kan skalere ved endra\u00a0behov:<\/p>\n<p><b>Stort nok<\/b><\/p>\n<ul>\n<li>&#8211; til \u00e5 v\u00e6re sv\u00e6rt kostnadseffektivt, som betyr rimelege tenester til kunde.<\/li>\n<li>&#8211; til \u00e5 byggast med det nyaste og beste av teknologi.<\/li>\n<li>&#8211; til \u00e5 ta h\u00f8gde for n\u00f8dvendige sikkerheitsniv\u00e5.<\/li>\n<li>\u00a0-til \u00e5 optimalisere for stabilitet.<\/li>\n<\/ul>\n<p>BlueFjords ble ISO sertifisert i oktober 2016. ISO 9001 \u2013 kvalitetsledelse og ISO 27001 \u2013 system for informasjonssikkerhet. Sertifikatet er gyldig til 23.11.2025<\/p>\n<p><a href=\"http:\/\/www.bluefjords.com\/wp-content\/uploads\/2016\/11\/IQNet_MSYS001_norsk-med-ISO-text-1.jpg\"><img loading=\"lazy\" decoding=\"async\" class=\"wp-image-995 alignleft\" src=\"http:\/\/www.bluefjords.com\/wp-content\/uploads\/2016\/11\/IQNet_MSYS001_norsk-med-ISO-text-1-1024x412.jpg\" alt=\"iqnet_msys001_norsk-med-iso-text-1\" width=\"549\" height=\"221\" srcset=\"https:\/\/www.bluefjords.com\/wp-content\/uploads\/2016\/11\/IQNet_MSYS001_norsk-med-ISO-text-1-1024x412.jpg 1024w, https:\/\/www.bluefjords.com\/wp-content\/uploads\/2016\/11\/IQNet_MSYS001_norsk-med-ISO-text-1-300x121.jpg 300w, https:\/\/www.bluefjords.com\/wp-content\/uploads\/2016\/11\/IQNet_MSYS001_norsk-med-ISO-text-1-768x309.jpg 768w, https:\/\/www.bluefjords.com\/wp-content\/uploads\/2016\/11\/IQNet_MSYS001_norsk-med-ISO-text-1.jpg 1425w\" sizes=\"(max-width: 549px) 100vw, 549px\" \/><\/a><\/p>\n<p>Sj\u00e5 ISO sertifikat:\u00a0\u00a0 <a href=\"https:\/\/www.bluefjords.com\/wp-content\/uploads\/2022\/11\/bluefj-qms-no.pdf\" target=\"_blank\" rel=\"noopener noreferrer\">9001<\/a>\u00a0\u00a0\u00a0\u00a0\u00a0\u00a0\u00a0 <a href=\"https:\/\/www.bluefjords.com\/wp-content\/uploads\/2022\/11\/bluefj-iso-27001-sert-1.pdf\" target=\"_blank\" rel=\"noopener noreferrer\">27001<\/a><\/p>\n\n\n<p><\/p>\n","protected":false},"excerpt":{"rendered":"<p>BlueFjords har satt i drift sitt f\u00f8rste datasenter p\u00e5 650 kvm. Dette kan ved behov\u00a0skalerast og byggast ut inntil 5000 kvm. Framf\u00f8ring og tilgang p\u00e5 straum er pr. i dag 15 MW, men med n\u00e6rliggande kraftstasjon i ryggen kan dette aukast opp ved behov. Det er netto eksport av straum fr\u00e5 kommunen. Senteret stod ferdig\u00a0i [&hellip;]<\/p>\n","protected":false},"author":3,"featured_media":0,"parent":0,"menu_order":80,"comment_status":"closed","ping_status":"closed","template":"","meta":{"footnotes":""},"aioseo_notices":[],"_links":{"self":[{"href":"https:\/\/www.bluefjords.com\/index.php?rest_route=\/wp\/v2\/pages\/459"}],"collection":[{"href":"https:\/\/www.bluefjords.com\/index.php?rest_route=\/wp\/v2\/pages"}],"about":[{"href":"https:\/\/www.bluefjords.com\/index.php?rest_route=\/wp\/v2\/types\/page"}],"author":[{"embeddable":true,"href":"https:\/\/www.bluefjords.com\/index.php?rest_route=\/wp\/v2\/users\/3"}],"replies":[{"embeddable":true,"href":"https:\/\/www.bluefjords.com\/index.php?rest_route=%2Fwp%2Fv2%2Fcomments&post=459"}],"version-history":[{"count":20,"href":"https:\/\/www.bluefjords.com\/index.php?rest_route=\/wp\/v2\/pages\/459\/revisions"}],"predecessor-version":[{"id":1233,"href":"https:\/\/www.bluefjords.com\/index.php?rest_route=\/wp\/v2\/pages\/459\/revisions\/1233"}],"wp:attachment":[{"href":"https:\/\/www.bluefjords.com\/index.php?rest_route=%2Fwp%2Fv2%2Fmedia&parent=459"}],"curies":[{"name":"wp","href":"https:\/\/api.w.org\/{rel}","templated":true}]}}