{"id":457,"date":"2014-07-09T07:36:12","date_gmt":"2014-07-09T07:36:12","guid":{"rendered":"http:\/\/tmp.bluefjords.com\/?page_id=457"},"modified":"2014-08-01T09:35:34","modified_gmt":"2014-08-01T09:35:34","slug":"regionen","status":"publish","type":"page","link":"https:\/\/www.bluefjords.com\/?page_id=457","title":{"rendered":"Regionen"},"content":{"rendered":"<p>&nbsp;<\/p>\n<p>Sogn og Fjordane er eit fylke p\u00e5 Vestlandet i Norge som strekker seg over 18 623 km\u00b2 og omfattar 26 kommuner. Fylket best\u00e5r av distrikta Sogn (Indre Sogn og Ytre Sogn) og Fjordane (Sunnfjord og Nordfjord) med til saman ca. 108 000 innbyggarar. Sogn og Fjordane er Norges nest minste fylke i folketal og det \u00e5ttande st\u00f8rste i areal. Fylket grensar til Hordaland i s\u00f8r, Buskerud i s\u00f8r\u00f8st, Oppland i \u00f8st og M\u00f8re og Romsdal i nord. Dei tre byene i fylket er Flor\u00f8, F\u00f8rde og M\u00e5l\u00f8y. Administrasjonssenteret er Hermansverk. Likevel har ikkje innbyggarane i Sogn og Fjordane ein dominerende by.<\/p>\n<p>Fylket har mange store og lange fjorder, som for eksempel Sognefjorden, den lengste fjorden i Norge. I tillegg finn me\u00a0Jostedalsbreen p\u00e5 hele 487 km\u00b2\u00a0her. Det er den st\u00f8rste isbreen p\u00e5 det europeiske fastlandet, og er omringa av mindre brear og brearmar. P\u00e5 grensa mellom kommunane Luster og \u00c5rdal ligger Store Skagast\u00f8lstind, som med sine 2 405 moh. er Vestlandet sin h\u00f8gaste og Norge sin tredje h\u00f8gaste fjelltopp. Ytterst mot havet ligg den vestlegaste byen i Norge, Flor\u00f8.<\/p>\n<p>Fylket er sv\u00e6rt fjellrikt, og har fleire gode lakseelvar. Fylket har ogs\u00e5 mange frodige jordbruksbygder og betydeleg fruktdyrking. Husdyrhald, skogbruk og fiskeoppdrett er ogs\u00e5 utbreidd i fylket. Andre viktige n\u00e6ringar er industri, handel, turisme, privat og offentleg tenesteyting og administrasjon.<\/p>\n<p>&nbsp;<\/p>\n<p><a href=\"http:\/\/www.bluefjords.com\/wp-content\/uploads\/2014\/04\/regionen.png\"><img loading=\"lazy\" decoding=\"async\" class=\"alignnone  wp-image-228\" src=\"http:\/\/www.bluefjords.com\/wp-content\/uploads\/2014\/04\/regionen-1024x704.png\" alt=\"regionen\" width=\"952\" height=\"654\" srcset=\"https:\/\/www.bluefjords.com\/wp-content\/uploads\/2014\/04\/regionen-1024x704.png 1024w, https:\/\/www.bluefjords.com\/wp-content\/uploads\/2014\/04\/regionen-300x206.png 300w, https:\/\/www.bluefjords.com\/wp-content\/uploads\/2014\/04\/regionen.png 1121w\" sizes=\"(max-width: 952px) 100vw, 952px\" \/><\/a><\/p>\n","protected":false},"excerpt":{"rendered":"<p>&nbsp; Sogn og Fjordane er eit fylke p\u00e5 Vestlandet i Norge som strekker seg over 18 623 km\u00b2 og omfattar 26 kommuner. Fylket best\u00e5r av distrikta Sogn (Indre Sogn og Ytre Sogn) og Fjordane (Sunnfjord og Nordfjord) med til saman ca. 108 000 innbyggarar. Sogn og Fjordane er Norges nest minste fylke i folketal og [&hellip;]<\/p>\n","protected":false},"author":3,"featured_media":0,"parent":452,"menu_order":20,"comment_status":"closed","ping_status":"closed","template":"","meta":{"footnotes":""},"aioseo_notices":[],"_links":{"self":[{"href":"https:\/\/www.bluefjords.com\/index.php?rest_route=\/wp\/v2\/pages\/457"}],"collection":[{"href":"https:\/\/www.bluefjords.com\/index.php?rest_route=\/wp\/v2\/pages"}],"about":[{"href":"https:\/\/www.bluefjords.com\/index.php?rest_route=\/wp\/v2\/types\/page"}],"author":[{"embeddable":true,"href":"https:\/\/www.bluefjords.com\/index.php?rest_route=\/wp\/v2\/users\/3"}],"replies":[{"embeddable":true,"href":"https:\/\/www.bluefjords.com\/index.php?rest_route=%2Fwp%2Fv2%2Fcomments&post=457"}],"version-history":[{"count":3,"href":"https:\/\/www.bluefjords.com\/index.php?rest_route=\/wp\/v2\/pages\/457\/revisions"}],"predecessor-version":[{"id":548,"href":"https:\/\/www.bluefjords.com\/index.php?rest_route=\/wp\/v2\/pages\/457\/revisions\/548"}],"up":[{"embeddable":true,"href":"https:\/\/www.bluefjords.com\/index.php?rest_route=\/wp\/v2\/pages\/452"}],"wp:attachment":[{"href":"https:\/\/www.bluefjords.com\/index.php?rest_route=%2Fwp%2Fv2%2Fmedia&parent=457"}],"curies":[{"name":"wp","href":"https:\/\/api.w.org\/{rel}","templated":true}]}}