{"id":226,"date":"2014-04-08T12:45:35","date_gmt":"2014-04-08T12:45:35","guid":{"rendered":"http:\/\/tmp.bluefjords.com\/?page_id=226"},"modified":"2014-04-11T10:47:57","modified_gmt":"2014-04-11T10:47:57","slug":"regionen","status":"publish","type":"page","link":"https:\/\/www.bluefjords.com\/?page_id=226","title":{"rendered":"Regionen"},"content":{"rendered":"<p>&nbsp;<\/p>\n<p>Sogn og Fjordane er et fylke p\u00e5 Vestlandet i Norge som strekker seg over 18 623 km\u00b2 og omfatter 26 kommuner. Fylket best\u00e5r av distriktene Sogn (Indre Sogn og Ytre Sogn) og Fjordane (Sunnfjord og Nordfjord) med til sammen ca. 108 000 innbyggere. Sogn og Fjordane er Norges nest minste fylke i folketall og det \u00e5ttende st\u00f8rste i areal. Fylket grenser til Hordaland i s\u00f8r, Buskerud i s\u00f8r\u00f8st, Oppland i \u00f8st og M\u00f8re og Romsdal i nord. De tre byene i fylket er Flor\u00f8, F\u00f8rde og M\u00e5l\u00f8y. Administrasjonssenteret er Hermansverk. Likevel har ikke innbyggerne i Sogn og Fjordane en dominerende by.<\/p>\n<p>Fylket har mange store og lange fjorder, som for eksempel Sognefjorden, den lengste fjorden i Norge. I tillegg befinner Jostedalsbreen p\u00e5 hele 487 km\u00b2 seg her. Det er den st\u00f8rste isbreen p\u00e5 det europeiske fastlandet, og er omringet av mindre breer og brearmer. P\u00e5 grensen mellom kommunene Luster og \u00c5rdal ligger Store Skagast\u00f8lstind, som med sine 2 405 moh. er Vestlandets h\u00f8yeste og Norges tredje h\u00f8yeste fjelltopp. Ytterst mot havet ligger Norges vestligste by, Flor\u00f8.<\/p>\n<p>Fylket er sv\u00e6rt fjellrikt, og har flere gode lakseelver. Fylket har ogs\u00e5 mange frodige jordbruksbygder og betydelig fruktdyrking. Husdyrhold, skogbruk og fiskeoppdrett er ogs\u00e5 utbredt i fylket. Andre viktige n\u00e6ringer er industri, handel, turisme, privat og offentlig tjenesteyting og administrasjon.<\/p>\n<p>&nbsp;<\/p>\n<p><a href=\"http:\/\/www.bluefjords.com\/wp-content\/uploads\/2014\/04\/regionen.png\"><img loading=\"lazy\" decoding=\"async\" class=\"alignnone  wp-image-228\" style=\"width: 856px;\" alt=\"regionen\" src=\"http:\/\/www.bluefjords.com\/wp-content\/uploads\/2014\/04\/regionen-1024x704.png\" width=\"1024\" height=\"604\" \/><\/a><\/p>\n","protected":false},"excerpt":{"rendered":"<p>&nbsp; Sogn og Fjordane er et fylke p\u00e5 Vestlandet i Norge som strekker seg over 18 623 km\u00b2 og omfatter 26 kommuner. Fylket best\u00e5r av distriktene Sogn (Indre Sogn og Ytre Sogn) og Fjordane (Sunnfjord og Nordfjord) med til sammen ca. 108 000 innbyggere. Sogn og Fjordane er Norges nest minste fylke i folketall og [&hellip;]<\/p>\n","protected":false},"author":2,"featured_media":0,"parent":29,"menu_order":20,"comment_status":"closed","ping_status":"closed","template":"","meta":{"footnotes":""},"aioseo_notices":[],"_links":{"self":[{"href":"https:\/\/www.bluefjords.com\/index.php?rest_route=\/wp\/v2\/pages\/226"}],"collection":[{"href":"https:\/\/www.bluefjords.com\/index.php?rest_route=\/wp\/v2\/pages"}],"about":[{"href":"https:\/\/www.bluefjords.com\/index.php?rest_route=\/wp\/v2\/types\/page"}],"author":[{"embeddable":true,"href":"https:\/\/www.bluefjords.com\/index.php?rest_route=\/wp\/v2\/users\/2"}],"replies":[{"embeddable":true,"href":"https:\/\/www.bluefjords.com\/index.php?rest_route=%2Fwp%2Fv2%2Fcomments&post=226"}],"version-history":[{"count":5,"href":"https:\/\/www.bluefjords.com\/index.php?rest_route=\/wp\/v2\/pages\/226\/revisions"}],"predecessor-version":[{"id":301,"href":"https:\/\/www.bluefjords.com\/index.php?rest_route=\/wp\/v2\/pages\/226\/revisions\/301"}],"up":[{"embeddable":true,"href":"https:\/\/www.bluefjords.com\/index.php?rest_route=\/wp\/v2\/pages\/29"}],"wp:attachment":[{"href":"https:\/\/www.bluefjords.com\/index.php?rest_route=%2Fwp%2Fv2%2Fmedia&parent=226"}],"curies":[{"name":"wp","href":"https:\/\/api.w.org\/{rel}","templated":true}]}}